False
Is 68549 a prime number?
False
Is 2063 a composite number?
False
Is 61933 composite?
False
Is 24127 a composite number?
True
Is 15037 a prime number?
False
Is 192529 a prime number?
True
Is 3683 a prime number?
False
Is 15855343 prime?
False
Is 22027 composite?
False
Is 795299 a composite number?
False
Is 33869 a composite number?
True
Is 11993 a prime number?
False
Is 4889 prime?
True
Is 409007 prime?
True
Is 141755 a composite number?
True
Is 47927 a composite number?
True
Is 149851 a prime number?
False
Is 390853 a composite number?
True
Is 131381 prime?
True
Is 2287111 a composite number?
False
Is 1543517 a composite number?
True
Is 216709 a prime number?
False
Is 208855 prime?
False
Is 7387 a prime number?
False
Is 25903 a prime number?
True
Is 69109 a composite number?
False
Is 7789 a composite number?
False
Is 10349 composite?
True
Is 829949 prime?
True
Is 1483613 prime?
False
Is 24133 a composite number?
False
Is 813999 prime?
False
Is 16199 a prime number?
False
Is 90507 a composite number?
True
Is 3061307 a composite number?
True
Is 495689 prime?
False
Is 162446 a prime number?
False
Is 765559 prime?
False
Is 19059 a prime number?
False
Is 10651 a composite number?
False
Is 9091 composite?
False
Is 42767 a composite number?
False
Is 67843 prime?
True
Is 2809 prime?
False
Is 19277 a composite number?
True
Is 447407 a composite number?
True
Is 4258 a composite number?
True
Is 9029 a prime number?
True
Is 27871 a composite number?
True
Is 145949 a composite number?
False
Is 52357 a prime number?
False
Is 172271 a composite number?
True
Is 2199 a prime number?
False
Is 7403 a composite number?
True
Is 99859 composite?
False
Is 20711 composite?
True
Is 152003 composite?
False
Is 855217 a prime number?
False
Is 27271 composite?
False
Is 391579 composite?
False
Is 18593 a composite number?
False
Is 26473 a composite number?
True
Is 104254 composite?
True
Is 41809 composite?
False
Is 1223905 composite?
True
Is 25609 a prime number?
True
Is 565861 prime?
False
Is 6731 composite?
True
Is 210803 a composite number?
False
Is 138449 a prime number?
True
Is 175039 a prime number?
True
Is 222727 a composite number?
True
Is 3877 composite?
False
Is 593597 prime?
True
Is 19841 composite?
False
Is 10415 a composite number?
True
Is 298 a composite number?
True
Is 140333 prime?
True
Is 3453179 prime?
True
Is 30019 a prime number?
False
Is 5197 composite?
False
Is 36571 composite?
False
Is 118639 prime?
False
Is 1087 a prime number?
True
Is 52453 a prime number?
True
Is 375281 composite?
False
Is 14401 composite?
False
Is 256117 prime?
True
Is 155734 a composite number?
True
Is 948749 a prime number?
True
Is 497 a composite number?
True
Is 2203649 prime?
False
Is 94033 a prime number?
True
Is 63317 a prime number?
True
Is 17317 a prime number?
True
Is 8179 a prime number?
True
Is 162881 composite?
False
Is 1255 prime?
False
Is 541919 a composite number?
True
Is 77537 a prime number?
False
Is 70351 a prime number?
True
Is 36535 a composite number?
True
Is 3291265 a prime number?
False
Is 79347 prime?
False
Is 123191 composite?
False
Is 1061 a composite number?
False
Is 360749 a prime number?
True
Is 115177 a composite number?
True
Is 9029 a prime number?
True
Is 16127 a prime number?
True
Is 68339 a composite number?
True
Is 17859 a composite number?
True
Is 717479 a prime number?
False
Is 123373 composite?
False
Is 3453 a prime number?
False
Is 45751 prime?
True
Is 2333377 prime?
True
Is 5906 a prime number?
False
Is 69614 composite?
True
Is 2641 a composite number?
True
Is 86413 a prime number?
True
Is 46993 a prime number?
True
Is 40451 composite?
True
Is 65761 a composite number?
False
Is 46021 composite?
False
Is 552469 a composite number?
False
Is 24317 prime?
True
Is 70982 a prime number?
False
Is 1226053 prime?
True
Is 780323 prime?
True
Is 25841 a prime number?
True
Is 85139 prime?
False
Is 13891 composite?
True
Is 1576001 composite?
True
Is 9739 a prime number?
True
Is 143771 a prime number?
False
Is 985 a prime number?
False
Is 449 a prime number?
True
Is 13517 composite?
True
Is 8149 composite?
True
Is 89405 a prime number?
False
Is 119663 composite?
True
Is 43261 prime?
True
Is 20941 a composite number?
True
Is 87434 a composite number?
True
Is 16477 prime?
True
Is 257727 a composite number?
True
Is 27613 composite?
True
Is 136883 composite?
False
Is 49702 prime?
False
Is 442043 prime?
False
Is 339611 a composite number?
True
Is 6031 prime?
False
Is 1229747 composite?
True
Is 64571 prime?
False
Is 21382 prime?
False
Is 285959 composite?
True
Is 427499 prime?
False
Is 107567 a composite number?
True
Is 34897 prime?
True
Is 1643 a prime number?
False
Is 8153 prime?
False
Is 3953 a prime number?
False
Is 21623 prime?
False
Is 174343 a composite number?
True
Is 29269 a composite number?
False
Is 33541 composite?
True
Is 180211 a prime number?
True
Is 1185746 a prime number?
False
Is 28349 prime?
True
Is 200533 prime?
False
Is 2053 a prime number?
True
Is 3695 composite?
True
Is 236073 a composite number?
True
Is 18519 composite?
True
Is 93503 a prime number?
True
Is 582677 composite?
False
Is 4091 prime?
True
Is 1267 a composite number?
True
Is 85031 prime?
False
Is 25111 prime?
True
Is 21577 a prime number?
True
Is 13874657 a prime number?
True
Is 312841 a prime number?
True
Is 1081219 composite?
False
Is 233407 composite?
False
Is 367165 composite?
True
Is 4181 a composite number?
True
Is 10651 prime?
True
Is 24631 a prime number?
True
Is 30035 composite?
True
Is 2705 a prime number?
False
Is 121585 a composite number?
True
Is 10921 a composite number?
True
Is 87103 a prime number?
True
Is 709 a prime number?
True
Is 262489 composite?
False
Is 885827 composite?
True
Is 4769 composite?
True
Is 39815 prime?
False
Is 148273 a composite number?
True
Is 3466 a prime number?
False
Is 10673 a composite number?
True
Is 4373 a composite number?
False
Is 1093718 prime?
False
Is 586189 prime?
True
Is 124213 a composite number?
False
Is 147274 a prime number?
False
Is 117057 a prime number?
False
Is 2423 a composite number?
False
Is 114703 a composite number?
True
Is 334487 a composite number?
False
Is 16619 a prime number?
True
Is 560863 composite?
False
Is 337 composite?
False
Is 23189 a prime number?
True
Is 7115 composite?
True
Is 5097 a prime number?
False
Is 2911 composite?
True
Is 3254417 composite?
True
Is 110678 a prime number?
False
Is 2819 prime?
True
Is 28841 a prime number?
False
Is 81319 composite?
True
Is 1912433 a composite number?
True
Is 16619 composite?
False
Is 50981 composite?
True
Is 37703 a composite number?
True
Is 60739 prime?
False
Is 6165095 a composite number?
True
Is 100999 composite?
False
Is 80579 a composite number?
True
Is 77702 composite?
True
Is 15335 a composite number?
True
Is 48283 composite?
True
Is 34597 a composite number?
True
Is 8147 a prime number?
True
Is 789617 prime?
False
Is 3630955 a composite number?
True
Is 14263 prime?
False
Is 631 prime?
True
Is 1899637 a prime number?
True
Is 53177 a prime number?
False
Is 32183 a composite number?
False
Is 98939 prime?
True
Is 39791 composite?
False
Is 752251 composite?
False
Is 91367 composite?
False
Is 9337 a composite number?
False
Is 32321 composite?
False
Is 739 a prime number?
True
Is 255659 a composite number?
False
Is 5771 composite?
True
Is 95131 composite?
False
Is 109267 prime?
True
Is 109997 prime?
False
Is 47087 a prime number?
True
Is 107671 a prime number?
True
Is 5813 composite?
False
Is 89 a composite number?
False
Is 17089 composite?
True
Is 13381 a prime number?
True
Is 24359 composite?
False
Is 20911 prime?
False
Is 6131 composite?
False
Is 760171 a composite number?
True
Is 12247 a prime number?
False
Is 359543 prime?
False
Is 1655 a composite number?
True
Is 401309 a composite number?
False
Is 2309 composite?
False
Is 4721 a prime number?
True
Is 103557 a prime number?
False
Is 650599 a prime number?
True
Is 28802 prime?
False
Is 7789 a prime number?
True
Is 13047 prime?
False
Is 57301 a composite number?
False
Is 1208591 prime?
True
Is 57797 prime?
False
Is 501709 a composite number?
True
Is 127 a composite number?
False
Is 1308121 a composite number?
False
Is 42589 a prime number?
True
Is 11789 a prime number?
True
Is 318035 composite